{"id":19,"date":"2016-11-08T20:44:51","date_gmt":"2016-11-08T19:44:51","guid":{"rendered":"http:\/\/www.weihnachtsbaum-schwarz.de\/cms\/?page_id=19"},"modified":"2016-11-08T20:44:51","modified_gmt":"2016-11-08T19:44:51","slug":"shrop-shire-schafe","status":"publish","type":"page","link":"https:\/\/www.weihnachtsbaum-schwarz.de\/index.php\/shrop-shire-schafe\/","title":{"rendered":"Shrop Shire Schafe"},"content":{"rendered":"<p style=\"text-align: center;\">Den Sommer \u00fcber lassen wir unsere kleine Shrop Shire Schafherde in die Weihnachtsbaumkulturen. Sie sind die Nr. 1 unter den \u00d6korasenm\u00e4hern. Unter den weltweit rund 800 Schafrassen kann nur diese Rasse in Weihnachtsbaumkulturen oder Obstbaumplantagen eingesetzt werden, denn sie verbei\u00dfen oder sch\u00e4len die B\u00e4ume nicht. Dadurch kann der Einsatz von Herbiziden und der Aufwand der mechanischen Unkrautbek\u00e4mpfung reduziert werden.<\/p>\n<p><img loading=\"lazy\" decoding=\"async\" class=\"alignnone size-full wp-image-21 aligncenter\" src=\"http:\/\/www.weihnachtsbaum-schwarz.de\/cms\/wp-content\/uploads\/2016\/11\/IMG_7806-11.jpg\" alt=\"img_7806-11\" width=\"400\" height=\"266\" srcset=\"https:\/\/www.weihnachtsbaum-schwarz.de\/wp-content\/uploads\/2016\/11\/IMG_7806-11.jpg 400w, https:\/\/www.weihnachtsbaum-schwarz.de\/wp-content\/uploads\/2016\/11\/IMG_7806-11-300x200.jpg 300w\" sizes=\"auto, (max-width: 400px) 100vw, 400px\" \/><\/p>\n","protected":false},"excerpt":{"rendered":"<p>Den Sommer \u00fcber lassen wir unsere kleine Shrop Shire Schafherde in die Weihnachtsbaumkulturen. Sie sind die Nr. 1 unter den \u00d6korasenm\u00e4hern. Unter den weltweit rund 800 Schafrassen kann nur diese Rasse in Weihnachtsbaumkulturen oder Obstbaumplantagen eingesetzt werden, denn sie verbei\u00dfen oder sch\u00e4len die B\u00e4ume nicht. Dadurch kann der Einsatz von Herbiziden und der Aufwand der [&hellip;]<\/p>\n","protected":false},"author":1,"featured_media":0,"parent":0,"menu_order":0,"comment_status":"closed","ping_status":"closed","template":"","meta":{"_crdt_document":"","footnotes":""},"class_list":["post-19","page","type-page","status-publish","hentry"],"_links":{"self":[{"href":"https:\/\/www.weihnachtsbaum-schwarz.de\/index.php\/wp-json\/wp\/v2\/pages\/19","targetHints":{"allow":["GET"]}}],"collection":[{"href":"https:\/\/www.weihnachtsbaum-schwarz.de\/index.php\/wp-json\/wp\/v2\/pages"}],"about":[{"href":"https:\/\/www.weihnachtsbaum-schwarz.de\/index.php\/wp-json\/wp\/v2\/types\/page"}],"author":[{"embeddable":true,"href":"https:\/\/www.weihnachtsbaum-schwarz.de\/index.php\/wp-json\/wp\/v2\/users\/1"}],"replies":[{"embeddable":true,"href":"https:\/\/www.weihnachtsbaum-schwarz.de\/index.php\/wp-json\/wp\/v2\/comments?post=19"}],"version-history":[{"count":2,"href":"https:\/\/www.weihnachtsbaum-schwarz.de\/index.php\/wp-json\/wp\/v2\/pages\/19\/revisions"}],"predecessor-version":[{"id":22,"href":"https:\/\/www.weihnachtsbaum-schwarz.de\/index.php\/wp-json\/wp\/v2\/pages\/19\/revisions\/22"}],"wp:attachment":[{"href":"https:\/\/www.weihnachtsbaum-schwarz.de\/index.php\/wp-json\/wp\/v2\/media?parent=19"}],"curies":[{"name":"wp","href":"https:\/\/api.w.org\/{rel}","templated":true}]}}

<p style="text-align: center;">Den Sommer über lassen wir unsere kleine Shrop Shire Schafherde in die Weihnachtsbaumkulturen. Sie sind die Nr. 1 unter den Ökorasenmähern. Unter den weltweit rund 800 Schafrassen kann nur diese Rasse in Weihnachtsbaumkulturen oder Obstbaumplantagen eingesetzt werden, denn sie verbeißen oder schälen die Bäume nicht. Dadurch kann der Einsatz von Herbiziden und der Aufwand der mechanischen Unkrautbekämpfung reduziert werden.</p>
<p><img loading="lazy" decoding="async" class="alignnone size-full wp-image-21 aligncenter" src="http://www.weihnachtsbaum-schwarz.de/cms/wp-content/uploads/2016/11/IMG_7806-11.jpg" alt="img_7806-11" width="400" height="266" srcset="https://www.weihnachtsbaum-schwarz.de/wp-content/uploads/2016/11/IMG_7806-11.jpg 400w, https://www.weihnachtsbaum-schwarz.de/wp-content/uploads/2016/11/IMG_7806-11-300x200.jpg 300w" sizes="auto, (max-width: 400px) 100vw, 400px" /></p>

<p>Den Sommer über lassen wir unsere kleine Shrop Shire Schafherde in die Weihnachtsbaumkulturen. Sie sind die Nr. 1 unter den Ökorasenmähern. Unter den weltweit rund 800 Schafrassen kann nur diese Rasse in Weihnachtsbaumkulturen oder Obstbaumplantagen eingesetzt werden, denn sie verbeißen oder schälen die Bäume nicht. Dadurch kann der Einsatz von Herbiziden und der Aufwand der [&hellip;]</p>
